{"id":806,"date":"2019-08-12T11:10:55","date_gmt":"2019-08-12T08:10:55","guid":{"rendered":"https:\/\/biagiotti.qodeinteractive.com\/elementor\/?page_id=806"},"modified":"2021-12-07T17:28:39","modified_gmt":"2021-12-07T15:28:39","slug":"intrebari-frecvente","status":"publish","type":"page","link":"https:\/\/desiro.com\/hexa\/intrebari-frecvente\/","title":{"rendered":"Intreb\u0103ri frecvente"},"content":{"rendered":"\t\t<div data-elementor-type=\"wp-page\" data-elementor-id=\"806\" class=\"elementor elementor-806\">\n\t\t\t\t\t\t<section class=\"elementor-section elementor-top-section elementor-element elementor-element-2c037d47 elementor-section-boxed elementor-section-height-default elementor-section-height-default\" data-id=\"2c037d47\" data-element_type=\"section\" data-e-type=\"section\">\n\t\t\t\t\t\t<div class=\"elementor-container elementor-column-gap-default\">\n\t\t\t\t\t<div class=\"elementor-column elementor-col-100 elementor-top-column elementor-element elementor-element-5f1df6a1\" data-id=\"5f1df6a1\" data-element_type=\"column\" data-e-type=\"column\">\n\t\t\t<div class=\"elementor-widget-wrap elementor-element-populated\">\n\t\t\t\t\t\t<div class=\"elementor-element elementor-element-18a9920d elementor-widget elementor-widget-text-editor\" data-id=\"18a9920d\" data-element_type=\"widget\" data-e-type=\"widget\" data-widget_type=\"text-editor.default\">\n\t\t\t\t<div class=\"elementor-widget-container\">\n\t\t\t\t\t\t\t\t\t<h4>1. CE COMBUSTIBIL ESTE RECOMANDAT PENTRU HEXA?<\/h4>\n    <p>V\u0103 recomand\u0103m s\u0103 folosi\u021bi, ca \u0219i combustibil la produsul Hexa, lemne uscate. Acestea ajut\u0103 la prevenirea form\u0103rii fumului \u00een timpul g\u0103titului \u0219i se aprinde mai repede. V\u0103 recomand\u0103m s\u0103 alege\u021bi un tip de lemn mai solid, deoarece lemnul mai moale precum lemnul de mesteac\u0103n se arde prea repede, ceea ce \u00eenseamn\u0103 c\u0103 este necesar\u0103 o cantite mai mare. Lemnul de fag uscat la cuptor este cel mai bun, deoarece se \u00eenc\u0103lze\u0219te foarte bine \u0219i \u00eenc\u0103lze\u0219te \u00een mod optim plita de g\u0103tit.<\/p>\n    \n    <h4>2. POT FOLOSI C\u0102RBUNE CA \u0218I COMBUSTIBIL PENTRU HEXA?<\/h4>\n    <p>C\u0103rbunele poate fi folosit, dar este un combustibil mai pu\u021bin eficient, fiindc\u0103 plita nu se \u00eenc\u0103lze\u0219te destul de tare. O alternativ\u0103 ar putea fi combinarea c\u0103rbunelui cu lemen de foc.<\/p>\n    \n    <h4>3. CUM SE PREG\u0102TE\u0218TE PLITA DE G\u0102TIT PENTRU PRIMA UTILIZARE?<\/h4>\n    <p>Pe plita \u00eenc\u0103lzit\u0103, turna\u021bi ulei vegetal sau gr\u0103sime \u0219i \u00eentinde\u021bi cu ajutorul unui prosop de buc\u0103t\u0103rie. Uleiul vegetal\/gr\u0103simea se va amesteca cu uleiul din fabric\u0103 \u0219i va u\u0219ura eliminarea acestuia. Dac\u0103 plita nu este bine \u00eenc\u0103lzit\u0103, uleiul din fabric\u0103 nu se poate \u00eendep\u0103rta \u00een mod corespunz\u0103tor. Cu ajutorul unei spatule, \u00eempinge\u021bi uleiul \u00een direc\u021bia focului. Dup\u0103 ce placa de g\u0103tit este curat\u0103 \u0219i gata de utilizare, picura\u021bi ulei vegetal\/gr\u0103sime \u00eenc\u0103 o dat\u0103 \u0219i \u00eentinde\u021bi-l \u0219i \u00eencepe\u021bi s\u0103 g\u0103ti\u021bi!<\/p>\n    \n    <h4>4. CE FEL DE ULEI AR TREBUI S\u0102 FOLOSESC PENTRU PLITA DE G\u0102TIT?<\/h4>\n    <p>Orice fel de ulei poate fi utilizat pentru plit\u0103, deasemenea se poate folosi si gr\u0103sime.<\/p>\n    \n    <h4>5. LA CE TEMPERATUR\u0102 SE \u00ceNCINGE PLITA DE G\u0102TIT?<\/h4>\n    <p>Temperatura plitei depinde \u00een mare m\u0103sur\u0103 de condi\u021biile meteorologice \u0219i de temperatura exterioar\u0103. Placa de g\u0103tit poate atinge o temperatur\u0103 de aproximativ 300 \u00b0 C pe marginea interioar\u0103 \u0219i \u00een jur de 200 \u00b0 C pe marginea exterioar\u0103.<\/p>\n    \n    <h4>6. CUM SE CREAZ\u0102 ZONE DE TEMPERATUR\u0102?<\/h4>\n    <p>Dup\u0103 ce focul arde, si r\u0103m\u00e2ne jarul, se pot crea zone de temperatur\u0103. Prin \u00eempingerea jarului \u00een zonele dorite, plita se \u00eencinge mai tare, rezult\u00e2nd astfel zone mai reci \u0219i mai calde, ceea ce ofer\u0103 controlarea temperaturii suprafe\u021bei de g\u0103tit. De exemplu zonele mai \u00eencinse sunt ideale pentru carne, iar zonele mai pu\u021bin \u00eencinse pentru legume sau pentru a p\u0103stra m\u00e2ncarea cald\u0103.<\/p>\n    \n    <h4>7. CUM SE \u00ceNDEP\u0102RTEAZ\u0102 CENU\u0218A DIN CUV\u0102?<\/h4>\n    <p>C\u0103rbunele\/cenu\u0219a trebuie eliminate obligatoriu dup\u0103 fiecare utilizare. Purta\u021bi m\u0103nu\u0219i rezistente la c\u0103ldur\u0103, iar dup\u0103 stingerea jarului, \u00eendep\u0103rta\u021bi cenu\u0219a din cuv\u0103 \u0219i pune\u021bi-le \u00eentr-o g\u0103leat\u0103 de metal goal\u0103. Turna\u021bi ap\u0103 rece peste \u0219i arunca\u021bi cenu\u0219a \u00een conformitate cu reglement\u0103rile locale.<\/p>\n    \n    <h4>8. CE SE \u00ceNT\u00c2MPL\u0102 DAC\u0102 PRODUSUL NU ESTE ACOPERIT \u00ceN TIMP CE PLOU\u0102? APA DE PLOAIE SE ADUN\u0102 \u00ceN CUV\u0102?<\/h4>\n    <p>Cuva este dotat\u0103 cu trei g\u0103uri de scurgere pentru ap\u0103, de aceea este foarte important s\u0103 goli\u021bi \u0219i cur\u0103\u021ba\u021bi produsul dup\u0103 fiecare utilizare, ca s\u0103 nu se \u00eenfunde cuva.<\/p>\n    \n    <h4>9. CUM SE \u00ceNTRE\u021aINE PLITA DE G\u0102TIT?<\/h4>\n    <p>Dup\u0103 fiecare utilizare, plita trebuie cur\u0103\u021bat\u0103. A\u0219tepta\u021bi p\u00e2n\u0103 se r\u0103ce\u0219te plita de g\u0103tit, dup\u0103 care, cur\u0103\u021ba\u021bi cu detergent \u0219i ap\u0103. Plita trebuie uns\u0103, cu un strat de ulei vegetal\/ gr\u0103sime pentru a \u00eempiedica ruginirea. V\u0103 recomand\u0103m s\u0103 cur\u0103\u021ba\u021bi produsul la un interval de timp de 15-30 zile.<\/p>\n    \n    <h4>10. CUM DEPOZITEZ PRODUSUL HEXA?<\/h4>\n    <p>V\u0103 recomand\u0103m s\u0103 acoperi\u021bi produsul atunci c\u00e2nd nu \u00eel folosi\u021bi.<\/p>\t\t\t\t\t\t\t\t<\/div>\n\t\t\t\t<\/div>\n\t\t\t\t\t<\/div>\n\t\t<\/div>\n\t\t\t\t\t<\/div>\n\t\t<\/section>\n\t\t\t\t<\/div>\n\t\t","protected":false},"excerpt":{"rendered":"<p>1. CE COMBUSTIBIL ESTE RECOMANDAT PENTRU HEXA? V\u0103 recomand\u0103m s\u0103 folosi\u021bi, ca \u0219i combustibil la produsul Hexa, lemne uscate. Acestea ajut\u0103 la prevenirea form\u0103rii fumului \u00een timpul g\u0103titului \u0219i se aprinde mai repede. V\u0103 recomand\u0103m s\u0103 alege\u021bi un tip de lemn mai solid, deoarece lemnul mai moale precum lemnul de mesteac\u0103n se arde prea repede, &hellip;<\/p>\n","protected":false},"author":1,"featured_media":0,"parent":0,"menu_order":6,"comment_status":"closed","ping_status":"closed","template":"","meta":{"footnotes":""},"class_list":["post-806","page","type-page","status-publish","hentry"],"yoast_head":"<!-- This site is optimized with the Yoast SEO plugin v27.4 - https:\/\/yoast.com\/product\/yoast-seo-wordpress\/ -->\n<title>Intreb\u0103ri frecvente - HEXA by DESIRO<\/title>\n<meta name=\"robots\" content=\"index, follow, max-snippet:-1, max-image-preview:large, max-video-preview:-1\" \/>\n<link rel=\"canonical\" href=\"https:\/\/desiro.com\/hexa\/intrebari-frecvente\/\" \/>\n<meta property=\"og:locale\" content=\"en_US\" \/>\n<meta property=\"og:type\" content=\"article\" \/>\n<meta property=\"og:title\" content=\"Intreb\u0103ri frecvente - HEXA by DESIRO\" \/>\n<meta property=\"og:description\" content=\"1. CE COMBUSTIBIL ESTE RECOMANDAT PENTRU HEXA? V\u0103 recomand\u0103m s\u0103 folosi\u021bi, ca \u0219i combustibil la produsul Hexa, lemne uscate. Acestea ajut\u0103 la prevenirea form\u0103rii fumului \u00een timpul g\u0103titului \u0219i se aprinde mai repede. V\u0103 recomand\u0103m s\u0103 alege\u021bi un tip de lemn mai solid, deoarece lemnul mai moale precum lemnul de mesteac\u0103n se arde prea repede, &hellip;\" \/>\n<meta property=\"og:url\" content=\"https:\/\/desiro.com\/hexa\/intrebari-frecvente\/\" \/>\n<meta property=\"og:site_name\" content=\"HEXA by DESIRO\" \/>\n<meta property=\"article:publisher\" content=\"https:\/\/www.facebook.com\/desirovision\/shop\" \/>\n<meta property=\"article:modified_time\" content=\"2021-12-07T15:28:39+00:00\" \/>\n<meta property=\"og:image\" content=\"https:\/\/desiro.com\/hexa\/wp-content\/uploads\/desiro-hexa_rdw-banner-1.jpg\" \/>\n\t<meta property=\"og:image:width\" content=\"1280\" \/>\n\t<meta property=\"og:image:height\" content=\"720\" \/>\n\t<meta property=\"og:image:type\" content=\"image\/jpeg\" \/>\n<meta name=\"twitter:card\" content=\"summary_large_image\" \/>\n<meta name=\"twitter:label1\" content=\"Est. reading time\" \/>\n\t<meta name=\"twitter:data1\" content=\"3 minutes\" \/>\n<script type=\"application\/ld+json\" class=\"yoast-schema-graph\">{\"@context\":\"https:\\\/\\\/schema.org\",\"@graph\":[{\"@type\":\"WebPage\",\"@id\":\"https:\\\/\\\/desiro.com\\\/hexa\\\/intrebari-frecvente\\\/\",\"url\":\"https:\\\/\\\/desiro.com\\\/hexa\\\/intrebari-frecvente\\\/\",\"name\":\"Intreb\u0103ri frecvente - HEXA by DESIRO\",\"isPartOf\":{\"@id\":\"https:\\\/\\\/desiro.com\\\/hexa\\\/#website\"},\"datePublished\":\"2019-08-12T08:10:55+00:00\",\"dateModified\":\"2021-12-07T15:28:39+00:00\",\"breadcrumb\":{\"@id\":\"https:\\\/\\\/desiro.com\\\/hexa\\\/intrebari-frecvente\\\/#breadcrumb\"},\"inLanguage\":\"en-US\",\"potentialAction\":[{\"@type\":\"ReadAction\",\"target\":[\"https:\\\/\\\/desiro.com\\\/hexa\\\/intrebari-frecvente\\\/\"]}]},{\"@type\":\"BreadcrumbList\",\"@id\":\"https:\\\/\\\/desiro.com\\\/hexa\\\/intrebari-frecvente\\\/#breadcrumb\",\"itemListElement\":[{\"@type\":\"ListItem\",\"position\":1,\"name\":\"Home\",\"item\":\"https:\\\/\\\/desiro.com\\\/hexa\\\/\"},{\"@type\":\"ListItem\",\"position\":2,\"name\":\"Intreb\u0103ri frecvente\"}]},{\"@type\":\"WebSite\",\"@id\":\"https:\\\/\\\/desiro.com\\\/hexa\\\/#website\",\"url\":\"https:\\\/\\\/desiro.com\\\/hexa\\\/\",\"name\":\"DESIRO - Produse de design 100% rom\u00e2ne\u0219ti\",\"description\":\"Produse de design concepute in Cluj-Napoca, Romania\",\"publisher\":{\"@id\":\"https:\\\/\\\/desiro.com\\\/hexa\\\/#organization\"},\"alternateName\":\"DESIRO HEXA\",\"potentialAction\":[{\"@type\":\"SearchAction\",\"target\":{\"@type\":\"EntryPoint\",\"urlTemplate\":\"https:\\\/\\\/desiro.com\\\/hexa\\\/?s={search_term_string}\"},\"query-input\":{\"@type\":\"PropertyValueSpecification\",\"valueRequired\":true,\"valueName\":\"search_term_string\"}}],\"inLanguage\":\"en-US\"},{\"@type\":\"Organization\",\"@id\":\"https:\\\/\\\/desiro.com\\\/hexa\\\/#organization\",\"name\":\"DESIRO\",\"alternateName\":\"HEXA\",\"url\":\"https:\\\/\\\/desiro.com\\\/hexa\\\/\",\"logo\":{\"@type\":\"ImageObject\",\"inLanguage\":\"en-US\",\"@id\":\"https:\\\/\\\/desiro.com\\\/hexa\\\/#\\\/schema\\\/logo\\\/image\\\/\",\"url\":\"https:\\\/\\\/desiro.com\\\/hexa\\\/wp-content\\\/uploads\\\/desiro_fav.png\",\"contentUrl\":\"https:\\\/\\\/desiro.com\\\/hexa\\\/wp-content\\\/uploads\\\/desiro_fav.png\",\"width\":64,\"height\":64,\"caption\":\"DESIRO\"},\"image\":{\"@id\":\"https:\\\/\\\/desiro.com\\\/hexa\\\/#\\\/schema\\\/logo\\\/image\\\/\"},\"sameAs\":[\"https:\\\/\\\/www.facebook.com\\\/desirovision\\\/shop\"]}]}<\/script>\n<!-- \/ Yoast SEO plugin. -->","yoast_head_json":{"title":"Intreb\u0103ri frecvente - HEXA by DESIRO","robots":{"index":"index","follow":"follow","max-snippet":"max-snippet:-1","max-image-preview":"max-image-preview:large","max-video-preview":"max-video-preview:-1"},"canonical":"https:\/\/desiro.com\/hexa\/intrebari-frecvente\/","og_locale":"en_US","og_type":"article","og_title":"Intreb\u0103ri frecvente - HEXA by DESIRO","og_description":"1. CE COMBUSTIBIL ESTE RECOMANDAT PENTRU HEXA? V\u0103 recomand\u0103m s\u0103 folosi\u021bi, ca \u0219i combustibil la produsul Hexa, lemne uscate. Acestea ajut\u0103 la prevenirea form\u0103rii fumului \u00een timpul g\u0103titului \u0219i se aprinde mai repede. V\u0103 recomand\u0103m s\u0103 alege\u021bi un tip de lemn mai solid, deoarece lemnul mai moale precum lemnul de mesteac\u0103n se arde prea repede, &hellip;","og_url":"https:\/\/desiro.com\/hexa\/intrebari-frecvente\/","og_site_name":"HEXA by DESIRO","article_publisher":"https:\/\/www.facebook.com\/desirovision\/shop","article_modified_time":"2021-12-07T15:28:39+00:00","og_image":[{"width":1280,"height":720,"url":"https:\/\/desiro.com\/hexa\/wp-content\/uploads\/desiro-hexa_rdw-banner-1.jpg","type":"image\/jpeg"}],"twitter_card":"summary_large_image","twitter_misc":{"Est. reading time":"3 minutes"},"schema":{"@context":"https:\/\/schema.org","@graph":[{"@type":"WebPage","@id":"https:\/\/desiro.com\/hexa\/intrebari-frecvente\/","url":"https:\/\/desiro.com\/hexa\/intrebari-frecvente\/","name":"Intreb\u0103ri frecvente - HEXA by DESIRO","isPartOf":{"@id":"https:\/\/desiro.com\/hexa\/#website"},"datePublished":"2019-08-12T08:10:55+00:00","dateModified":"2021-12-07T15:28:39+00:00","breadcrumb":{"@id":"https:\/\/desiro.com\/hexa\/intrebari-frecvente\/#breadcrumb"},"inLanguage":"en-US","potentialAction":[{"@type":"ReadAction","target":["https:\/\/desiro.com\/hexa\/intrebari-frecvente\/"]}]},{"@type":"BreadcrumbList","@id":"https:\/\/desiro.com\/hexa\/intrebari-frecvente\/#breadcrumb","itemListElement":[{"@type":"ListItem","position":1,"name":"Home","item":"https:\/\/desiro.com\/hexa\/"},{"@type":"ListItem","position":2,"name":"Intreb\u0103ri frecvente"}]},{"@type":"WebSite","@id":"https:\/\/desiro.com\/hexa\/#website","url":"https:\/\/desiro.com\/hexa\/","name":"DESIRO - Produse de design 100% rom\u00e2ne\u0219ti","description":"Produse de design concepute in Cluj-Napoca, Romania","publisher":{"@id":"https:\/\/desiro.com\/hexa\/#organization"},"alternateName":"DESIRO HEXA","potentialAction":[{"@type":"SearchAction","target":{"@type":"EntryPoint","urlTemplate":"https:\/\/desiro.com\/hexa\/?s={search_term_string}"},"query-input":{"@type":"PropertyValueSpecification","valueRequired":true,"valueName":"search_term_string"}}],"inLanguage":"en-US"},{"@type":"Organization","@id":"https:\/\/desiro.com\/hexa\/#organization","name":"DESIRO","alternateName":"HEXA","url":"https:\/\/desiro.com\/hexa\/","logo":{"@type":"ImageObject","inLanguage":"en-US","@id":"https:\/\/desiro.com\/hexa\/#\/schema\/logo\/image\/","url":"https:\/\/desiro.com\/hexa\/wp-content\/uploads\/desiro_fav.png","contentUrl":"https:\/\/desiro.com\/hexa\/wp-content\/uploads\/desiro_fav.png","width":64,"height":64,"caption":"DESIRO"},"image":{"@id":"https:\/\/desiro.com\/hexa\/#\/schema\/logo\/image\/"},"sameAs":["https:\/\/www.facebook.com\/desirovision\/shop"]}]}},"_hostinger_reach_plugin_has_subscription_block":false,"_hostinger_reach_plugin_is_elementor":false,"_links":{"self":[{"href":"https:\/\/desiro.com\/hexa\/wp-json\/wp\/v2\/pages\/806","targetHints":{"allow":["GET"]}}],"collection":[{"href":"https:\/\/desiro.com\/hexa\/wp-json\/wp\/v2\/pages"}],"about":[{"href":"https:\/\/desiro.com\/hexa\/wp-json\/wp\/v2\/types\/page"}],"author":[{"embeddable":true,"href":"https:\/\/desiro.com\/hexa\/wp-json\/wp\/v2\/users\/1"}],"replies":[{"embeddable":true,"href":"https:\/\/desiro.com\/hexa\/wp-json\/wp\/v2\/comments?post=806"}],"version-history":[{"count":0,"href":"https:\/\/desiro.com\/hexa\/wp-json\/wp\/v2\/pages\/806\/revisions"}],"wp:attachment":[{"href":"https:\/\/desiro.com\/hexa\/wp-json\/wp\/v2\/media?parent=806"}],"curies":[{"name":"wp","href":"https:\/\/api.w.org\/{rel}","templated":true}]}}